igit of 76412988?
6
What is the tens digit of 11735837?
3
What is the units digit of 1408610057?
7
What is the tens digit of 76806810?
1
What is the ten millions digit of 27432422?
2
What is the ten millions digit of 22466043?
2
What is the tens digit of 2300424671?
7
What is the ten millions digit of 92328364?
9
What is the thousands digit of 318225164?
5
What is the thousands digit of 247144702?
4
What is the hundred millions digit of 221059280?
2
What is the ten millions digit of 45785180?
4
What is the hundred millions digit of 1157868333?
1
What is the hundred thousands digit of 136987135?
9
What is the thousands digit of 29700559?
0
What is the hundred millions digit of 1194605425?
1
What is the hundred thousands digit of 34486883?
4
What is the millions digit of 1226359163?
6
What is the hundred thousands digit of 90074977?
0
What is the hundred millions digit of 4247339796?
2
What is the hundred thousands digit of 161725675?
7
What is the hundred thousands digit of 8225037182?
0
What is the hundred thousands digit of 2920120?
9
What is the hundred thousands digit of 45697296?
6
What is the ten millions digit of 63466005?
6
What is the ten thousands digit of 327785082?
8
What is the hundreds digit of 4874227871?
8
What is the hundred thousands digit of 128396586?
3
What is the billions digit of 2790702196?
2
What is the thousands digit of 1540657789?
7
What is the tens digit of 3218080989?
8
What is the ten millions digit of 3023289754?
2
What is the ten thousands digit of 16626214?
2
What is the hundred thousands digit of 396515485?
5
What is the hundred thousands digit of 56483123?
4
What is the ten millions digit of 102670970?
0
What is the units digit of 170371940?
0
What is the hundred thousands digit of 5669929?
6
What is the tens digit of 24567274?
7
What is the ten thousands digit of 4628592136?
9
What is the thousands digit of 159301901?
1
What is the tens digit of 376698524?
2
What is the tens digit of 3114877?
7
What is the millions digit of 51432003?
1
What is the millions digit of 55720727?
5
What is the millions digit of 1244675399?
4
What is the hundred millions digit of 555717567?
5
What is the millions digit of 22235918?
2
What is the ten millions digit of 712165136?
1
What is the tens digit of 126605751?
5
What is the billions digit of 1403927434?
1
What is the hundred millions digit of 460339908?
4
What is the thousands digit of 360576016?
6
What is the units digit of 183468790?
0
What is the hundred millions digit of 821713904?
8
What is the tens digit of 251052170?
7
What is the millions digit of 38793136?
8
What is the millions digit of 887008419?
7
What is the ten millions digit of 24834917?
2
What is the ten millions digit of 88299292?
8
What is the thousands digit of 8826543779?
3
What is the ten millions digit of 319671477?
1
What is the ten thousands digit of 1824883915?
8
What is the millions digit of 134140799?
4
What is the hundred millions digit of 272508502?
2
What is the units digit of 207941927?
7
What is the thousands digit of 159675463?
5
What is the hundreds digit of 14879630?
6
What is the millions digit of 127393329?
7
What is the tens digit of 134472687?
8
What is the units digit of 581854549?
9
What is the ten thousands digit of 80526347?
2
What is the units digit of 59497444?
4
What is the billions digit of 1219335601?
1
What is the tens digit of 31186731?
3
What is the hundred thousands digit of 3937291?
9
What is the units digit of 33126575?
5
What is the units digit of 41522820?
0
What is the hundred millions digit of 4119725300?
1
What is the ten millions digit of 22237014?
2
What is the billions digit of 2364485132?
2
What is the hundreds digit of 151957640?
6
What is the hundreds digit of 129319505?
5
What is the hundreds digit of 292214129?
1
What is the hundred millions digit of 693458597?
6
What is the units digit of 190026205?
5
What is the tens digit of 4529833072?
7
What is the hundred thousands digit of 77762143?
7
What is the hundred millions digit of 1213985357?
2
What is the tens digit of 116034129?
2
What is the hundred thousands digit of 31290862?
2
What is the ten thousands digit of 28411132?
1
What is the tens digit of 414819426?
2
What is the ten thousands digit of 1822511474?
1
What is the ten millions digit of 65791489?
6
What is the thousands digit of 452613182?
3
What is the ten thousands digit of 96496004?
9
What is the hundred millions digit of 101785670?
1
What is the ten millions digit of 453210361?
5
What is the hundred thousands digit of 2521951075?
9
What is the units digit of 321396637?
7
What is the millions digit of 341629796?
1
What is the millions digit of 42641719?
2
What is the tens digit of 47939493?
9
What is the tens digit of 353643302?
0
What is the hundred thousands digit of 1466892027?
8
What is the millions digit of 21721162?
1
What is the millions digit of 15180892?
5
What is the tens digit of 1201307010?
1
What is the millions digit of 3791782202?
1
What is the thousands digit of 66566829?
6
What is the tens digit of 74760035?
3
What is the hundred millions digit of 7997630043?
9
What is the ten thousands digit of 662774914?
7
What is the hundred thousands digit of 101274984?
2
What is the units digit of 39930724?
4
What is the hundreds digit of 936904755?
7
What is the ten thousands digit of 282939647?
3
What is the hundred thousands digit of 77242816?
2
What is the units digit of 4038034727?
7
What is the hundred millions digit of 316112031?
3
What is the ten millions digit of 22415801?
2
What is the thousands digit of 1182591091?
1
What is the units digit of 574130227?
7
What is the millions digit of 201267663?
1
What is the tens digit of 191293464?
6
What is the millions digit of 912743143?
2
What is the hundreds digit of 1661980266?
2
What is the hundred thousands digit of 17126686?
1
What is the millions digit of 34621154?
4
What is the hundreds digit of 237058263?
2
What is the tens digit of 809874411?
1
What is the hundred thousands digit of 251951273?
9
What is the hundred thousands digit of 69973456?
9
What is the ten thousands digit of 1729685145?
8
What is the ten thousands digit of 2971806296?
0
What is the thousands digit of 73555987?
5
What is the billions digit of 1632564626?
1
What is the millions digit of 136023793?
6
What is the units digit of 492494304?
4
What is the billions digit of 2423390323?
2
What is the hundred millions digit of 4524338535?
5
What is the billions digit of 1360741144?
1
What is the ten thousands digit of 62380697?
8
What is the hundred thousands digit of 694907293?
9
What is the millions digit of 1098054340?
8
What is the hundred thousands digit of 445354364?
3
What is the tens digit of 412444763?
6
What is the hundred millions digit of 151302768?
1
What is the hundreds digit of 10942338?
3
What is the ten thousands digit of 145773877?
7
What is the ten thousands digit of 757197687?
9
What is the hundreds digit of 1394762213?
2
What is the ten millions digit of 448823848?
4
What is the tens digit of 62486934?
3
What is the hundred thousands digit of 254427714?
4
What is the thousands digit of 280912728?
2
What is the thousands digit of 262889461?
9
What is the millions digit of 255044036?
5
What is the ten thousands digit of 13735360?
3
What is the ten thousands digit of 23721037?
2
What is the hundred thousands digit of 143612339?
6
What is the thousands digit of 1427277186?
7
What is the hundreds digit of 801992153?
1
What is the millions digit of 22996316?
2
What is the ten millions digit of 30221611?
3
What is the ten thousands digit of 215643728?
4
What is the ten millions digit of 1789753421?
8
What is the units digit of 2010363235?
5
What is the tens digit of 512740695?
9
What is the ten millions digit of 3160879304?
6
What is the tens digit of 18042034?
3
What is the hundreds digit of 15614224?
2
What is the ten thousands digit of 4782533?
8
What is the units digit of 334886882?
2
What is the thousands digit of 38872662?
2
What is the ten millions digit of 36261379?
3
What is the hundreds digit of 3020656590?
5
What is the hundred millions digit of 375512805?
3
What is the hundred millions digit of 1161526551?
1
What is the millions digit of 701080509?
1
What is the millions digit of 128300299